{"id":274,"date":"2017-01-05T18:20:51","date_gmt":"2017-01-05T17:20:51","guid":{"rendered":"http:\/\/www.ivgbresciaservizi.com\/?page_id=274"},"modified":"2023-06-24T12:00:00","modified_gmt":"2023-06-24T10:00:00","slug":"contatti","status":"publish","type":"page","link":"https:\/\/www.ivgbresciaservizi.com\/index.php\/contatti\/","title":{"rendered":"CONTATTI"},"content":{"rendered":"<div id=\"pl-274\"  class=\"panel-layout\" ><div id=\"pg-274-0\"  class=\"panel-grid panel-no-style\" ><div id=\"pgc-274-0-0\"  class=\"panel-grid-cell\" ><div id=\"panel-274-0-0-0\" class=\"so-panel widget widget_text panel-first-child panel-last-child\" data-index=\"0\" ><h3 class=\"widget-title\">IVG BRESCIA NEGOZIO<\/h3>\t\t\t<div class=\"textwidget\"><strong>Via Dalmazia, 135 - Brescia, 25125<\/strong><br>\n<a href=\"mailto:ivgbresciaservizi@ivgbrescia.com\">ivgbresciaservizi@ivgbrescia.com<\/a><\/div>\n\t\t<\/div><\/div><div id=\"pgc-274-0-1\"  class=\"panel-grid-cell\" ><div id=\"panel-274-0-1-0\" class=\"so-panel widget widget_text panel-first-child panel-last-child\" data-index=\"1\" ><h3 class=\"widget-title\">ORARI<\/h3>\t\t\t<div class=\"textwidget\"><p><strong>Marted\u00ec - Sabato 10.30 - 19.00<\/strong><\/p>\n<p><strong>Chiuso Domenica e Luned\u00ec<\/strong><\/p>\n<!--<p><font color=\"green\"><strong><u>Si comunica alla gentile clientela che il negozio rester\u00e0 chiuso per ferie da Domenica 26 Luglio a Luned\u00ec 31 Agosto. Si riaprir\u00e0 Marted\u00ec 1 Settembre<\/u><\/strong><\/font><\/p>--><\/div>\n\t\t<\/div><\/div><\/div><div id=\"pg-274-1\"  class=\"panel-grid panel-no-style\" ><div id=\"pgc-274-1-0\"  class=\"panel-grid-cell panel-grid-cell-empty\" ><\/div><\/div><\/div>","protected":false},"excerpt":{"rendered":"<p>Via Dalmazia, 135 &#8211; Brescia, 25125 ivgbresciaservizi@ivgbrescia.com Marted\u00ec &#8211; Sabato 10.30 &#8211; 19.00 Chiuso Domenica e Luned\u00ec<\/p>\n","protected":false},"author":1,"featured_media":0,"parent":0,"menu_order":0,"comment_status":"closed","ping_status":"closed","template":"","meta":[],"yoast_head":"<!-- This site is optimized with the Yoast SEO plugin v15.9.1 - https:\/\/yoast.com\/wordpress\/plugins\/seo\/ -->\n<title>CONTATTI - IVGBRESCIA<\/title>\n<meta name=\"robots\" content=\"index, follow, max-snippet:-1, max-image-preview:large, max-video-preview:-1\" \/>\n<link rel=\"canonical\" href=\"https:\/\/www.ivgbresciaservizi.com\/index.php\/contatti\/\" \/>\n<meta property=\"og:locale\" content=\"it_IT\" \/>\n<meta property=\"og:type\" content=\"article\" \/>\n<meta property=\"og:title\" content=\"CONTATTI - IVGBRESCIA\" \/>\n<meta property=\"og:description\" content=\"Via Dalmazia, 135 - Brescia, 25125 ivgbresciaservizi@ivgbrescia.com Marted\u00ec - Sabato 10.30 - 19.00 Chiuso Domenica e Luned\u00ec\" \/>\n<meta property=\"og:url\" content=\"https:\/\/www.ivgbresciaservizi.com\/index.php\/contatti\/\" \/>\n<meta property=\"og:site_name\" content=\"IVGBRESCIA\" \/>\n<meta property=\"article:modified_time\" content=\"2023-06-24T10:00:00+00:00\" \/>\n<meta name=\"twitter:card\" content=\"summary\" \/>\n<meta name=\"twitter:label1\" content=\"Tempo di lettura stimato\">\n\t<meta name=\"twitter:data1\" content=\"1 minuto\">\n<script type=\"application\/ld+json\" class=\"yoast-schema-graph\">{\"@context\":\"https:\/\/schema.org\",\"@graph\":[{\"@type\":\"WebSite\",\"@id\":\"https:\/\/www.ivgbresciaservizi.com\/#website\",\"url\":\"https:\/\/www.ivgbresciaservizi.com\/\",\"name\":\"IVGBRESCIA\",\"description\":\"Commissionaria vendite giudiziarie\",\"potentialAction\":[{\"@type\":\"SearchAction\",\"target\":\"https:\/\/www.ivgbresciaservizi.com\/?s={search_term_string}\",\"query-input\":\"required name=search_term_string\"}],\"inLanguage\":\"it-IT\"},{\"@type\":\"WebPage\",\"@id\":\"https:\/\/www.ivgbresciaservizi.com\/index.php\/contatti\/#webpage\",\"url\":\"https:\/\/www.ivgbresciaservizi.com\/index.php\/contatti\/\",\"name\":\"CONTATTI - IVGBRESCIA\",\"isPartOf\":{\"@id\":\"https:\/\/www.ivgbresciaservizi.com\/#website\"},\"datePublished\":\"2017-01-05T17:20:51+00:00\",\"dateModified\":\"2023-06-24T10:00:00+00:00\",\"breadcrumb\":{\"@id\":\"https:\/\/www.ivgbresciaservizi.com\/index.php\/contatti\/#breadcrumb\"},\"inLanguage\":\"it-IT\",\"potentialAction\":[{\"@type\":\"ReadAction\",\"target\":[\"https:\/\/www.ivgbresciaservizi.com\/index.php\/contatti\/\"]}]},{\"@type\":\"BreadcrumbList\",\"@id\":\"https:\/\/www.ivgbresciaservizi.com\/index.php\/contatti\/#breadcrumb\",\"itemListElement\":[{\"@type\":\"ListItem\",\"position\":1,\"item\":{\"@type\":\"WebPage\",\"@id\":\"https:\/\/www.ivgbresciaservizi.com\/\",\"url\":\"https:\/\/www.ivgbresciaservizi.com\/\",\"name\":\"Home\"}},{\"@type\":\"ListItem\",\"position\":2,\"item\":{\"@type\":\"WebPage\",\"@id\":\"https:\/\/www.ivgbresciaservizi.com\/index.php\/contatti\/\",\"url\":\"https:\/\/www.ivgbresciaservizi.com\/index.php\/contatti\/\",\"name\":\"CONTATTI\"}}]}]}<\/script>\n<!-- \/ Yoast SEO plugin. -->","_links":{"self":[{"href":"https:\/\/www.ivgbresciaservizi.com\/index.php\/wp-json\/wp\/v2\/pages\/274"}],"collection":[{"href":"https:\/\/www.ivgbresciaservizi.com\/index.php\/wp-json\/wp\/v2\/pages"}],"about":[{"href":"https:\/\/www.ivgbresciaservizi.com\/index.php\/wp-json\/wp\/v2\/types\/page"}],"author":[{"embeddable":true,"href":"https:\/\/www.ivgbresciaservizi.com\/index.php\/wp-json\/wp\/v2\/users\/1"}],"replies":[{"embeddable":true,"href":"https:\/\/www.ivgbresciaservizi.com\/index.php\/wp-json\/wp\/v2\/comments?post=274"}],"version-history":[{"count":21,"href":"https:\/\/www.ivgbresciaservizi.com\/index.php\/wp-json\/wp\/v2\/pages\/274\/revisions"}],"predecessor-version":[{"id":2321,"href":"https:\/\/www.ivgbresciaservizi.com\/index.php\/wp-json\/wp\/v2\/pages\/274\/revisions\/2321"}],"wp:attachment":[{"href":"https:\/\/www.ivgbresciaservizi.com\/index.php\/wp-json\/wp\/v2\/media?parent=274"}],"curies":[{"name":"wp","href":"https:\/\/api.w.org\/{rel}","templated":true}]}}